{"id":61,"date":"2020-01-23T18:21:52","date_gmt":"2020-01-23T18:21:52","guid":{"rendered":"https:\/\/demosites.io\/marketing-agency-gb\/?page_id=61"},"modified":"2026-04-17T16:10:39","modified_gmt":"2026-04-17T21:10:39","slug":"bcd31-about-us","status":"publish","type":"page","link":"https:\/\/solaing.com\/mantenimiento\/bcd31-about-us\/","title":{"rendered":"AVAYA"},"content":{"rendered":"\n<div class=\"wp-block-cover alignfull\" style=\"padding-top:0;padding-bottom:0;min-height:50px;aspect-ratio:unset;\"><span aria-hidden=\"true\" class=\"wp-block-cover__background has-nv-site-bg-background-color has-background-dim-100 has-background-dim\"><\/span><div class=\"wp-block-cover__inner-container is-layout-flow wp-block-cover-is-layout-flow\">\n<div class=\"wp-block-group\"><div class=\"wp-block-group__inner-container is-layout-flow wp-block-group-is-layout-flow\">\n<div class=\"wp-block-columns has-neve-text-color-color has-text-color is-layout-flex wp-container-core-columns-is-layout-9d6595d7 wp-block-columns-is-layout-flex\">\n<div class=\"wp-block-column is-layout-flow wp-block-column-is-layout-flow\" style=\"flex-basis:25%\"><\/div>\n\n\n\n<div class=\"wp-block-column is-vertically-aligned-center is-layout-flow wp-block-column-is-layout-flow\" style=\"flex-basis:50%\">\n<h2 class=\"wp-block-heading has-text-align-center\">AVAYA<\/h2>\n<\/div>\n\n\n\n<div class=\"wp-block-column is-layout-flow wp-block-column-is-layout-flow\" style=\"flex-basis:25%\"><\/div>\n<\/div>\n<\/div><\/div>\n\n\n\n<div class=\"wp-block-columns is-layout-flex wp-container-core-columns-is-layout-9d6595d7 wp-block-columns-is-layout-flex\">\n<div class=\"wp-block-column is-vertically-aligned-center is-layout-flow wp-block-column-is-layout-flow\">\n<div class=\"wp-block-columns is-layout-flex wp-container-core-columns-is-layout-9d6595d7 wp-block-columns-is-layout-flex\">\n<div class=\"wp-block-column is-layout-flow wp-block-column-is-layout-flow\"><\/div>\n<\/div>\n\n\n\n<p class=\"has-text-align-center\">Avaya es una empresa especializada en soluciones de comunicaciones empresariales que integran voz, mensajer\u00eda y datos para mejorar la interacci\u00f3n con clientes y la colaboraci\u00f3n interna.<\/p>\n\n\n\n<p class=\"has-text-align-center\">Mediante plataformas como Avaya IP Office, se implementan sistemas de telefon\u00eda IP que permiten gestionar extensiones, llamadas, buzones de voz e integraciones con otras herramientas empresariales.<\/p>\n\n\n\n<p class=\"has-text-align-center\">Los servicios incluyen implementaci\u00f3n, configuraci\u00f3n, soporte t\u00e9cnico, mantenimiento y administraci\u00f3n del sistema, garantizando su correcto funcionamiento y la continuidad del servicio.<\/p>\n<\/div>\n<\/div>\n\n\n\n<div class=\"wp-block-columns is-layout-flex wp-container-core-columns-is-layout-9d6595d7 wp-block-columns-is-layout-flex\">\n<div class=\"wp-block-column is-layout-flow wp-block-column-is-layout-flow\"><\/div>\n<\/div>\n<\/div><\/div>\n\n\n\n<div class=\"wp-block-cover aligncenter has-custom-content-position is-position-center-left\" style=\"padding-top:0;padding-bottom:0;min-height:452px;aspect-ratio:unset;\"><span aria-hidden=\"true\" class=\"wp-block-cover__background has-nv-site-bg-background-color has-background-dim-100 has-background-dim\"><\/span><div class=\"wp-block-cover__inner-container is-layout-flow wp-block-cover-is-layout-flow\">\n<div class=\"wp-block-group\"><div class=\"wp-block-group__inner-container is-layout-flow wp-block-group-is-layout-flow\">\n<div class=\"wp-block-columns are-vertically-aligned-center has-neve-text-color-color has-text-color is-layout-flex wp-container-core-columns-is-layout-9d6595d7 wp-block-columns-is-layout-flex\">\n<div class=\"wp-block-column is-vertically-aligned-center is-layout-flow wp-block-column-is-layout-flow\" style=\"padding-right:var(--wp--preset--spacing--30);padding-left:var(--wp--preset--spacing--30);flex-basis:50%\"><div class=\"wp-block-image\">\n<figure class=\"aligncenter size-full is-resized has-custom-border\"><img loading=\"lazy\" decoding=\"async\" width=\"225\" height=\"225\" src=\"https:\/\/solaing.com\/wp-content\/uploads\/2026\/04\/Ipoffice1.png\" alt=\"\" class=\"wp-image-1219\" style=\"border-radius:16px;width:261px;height:auto\" srcset=\"https:\/\/solaing.com\/wp-content\/uploads\/2026\/04\/Ipoffice1.png 225w, https:\/\/solaing.com\/wp-content\/uploads\/2026\/04\/Ipoffice1-150x150.png 150w\" sizes=\"auto, (max-width: 225px) 100vw, 225px\" \/><\/figure>\n<\/div><\/div>\n\n\n\n<div class=\"wp-block-column is-vertically-aligned-center is-layout-flow wp-block-column-is-layout-flow\" style=\"padding-top:0;padding-right:var(--wp--preset--spacing--30);padding-bottom:0;padding-left:var(--wp--preset--spacing--30);flex-basis:50%\">\n<p class=\"has-neve-text-color-color has-text-color\"><em>En Avaya, ofrecemos soluciones de comunicaciones empresariales que optimizan la interacci\u00f3n con clientes y la colaboraci\u00f3n interna. A trav\u00e9s de Avaya IP Office, integramos telefon\u00eda IP, mensajer\u00eda, buz\u00f3n de voz y herramientas avanzadas en una sola plataforma adaptable a cada negocio. Brindamos soporte integral que incluye implementaci\u00f3n, configuraci\u00f3n, administraci\u00f3n de usuarios, mantenimiento preventivo y atenci\u00f3n de incidentes, garantizando la continuidad del servicio y el \u00f3ptimo funcionamiento del sistema.<\/em><\/p>\n<\/div>\n<\/div>\n\n\n\n<h2 class=\"wp-block-heading has-text-align-center has-nv-dark-bg-color has-text-color has-link-color wp-elements-89415407196d2020de9e51d693723d1a\"><em>       Servicios de AVAYA<\/em><\/h2>\n<\/div><\/div>\n<\/div><\/div>\n\n\n\n<div class=\"wp-block-columns is-layout-flex wp-container-core-columns-is-layout-9d6595d7 wp-block-columns-is-layout-flex\">\n<div class=\"wp-block-column is-vertically-aligned-center neve-duotone is-layout-flow wp-block-column-is-layout-flow\" style=\"padding-right:var(--wp--preset--spacing--30);padding-left:var(--wp--preset--spacing--30);font-style:italic;font-weight:400\"><div class=\"wp-block-image icon-style is-style-default wp-duotone-unset-1\">\n<figure class=\"aligncenter size-full is-resized has-custom-border\"><img loading=\"lazy\" decoding=\"async\" width=\"640\" height=\"640\" src=\"https:\/\/solaing.com\/wp-content\/uploads\/2026\/04\/telefono.gif\" alt=\"\" class=\"wp-image-1235\" style=\"border-radius:0px;width:96px;height:auto\" title=\"\"\/><\/figure>\n<\/div>\n\n\n<h3 class=\"wp-block-heading has-text-align-center has-neve-text-color-color has-text-color\">Telefon\u00eda Empresarial<\/h3>\n\n\n\n<p class=\"has-text-align-center\">Soluciones de llamadas internas y externas con alta calidad, gesti\u00f3n centralizada y f\u00e1cil administraci\u00f3n.<\/p>\n<\/div>\n\n\n\n<div class=\"wp-block-column is-vertically-aligned-center is-layout-flow wp-block-column-is-layout-flow\" style=\"padding-right:var(--wp--preset--spacing--30);padding-left:var(--wp--preset--spacing--30);font-style:italic;font-weight:400\"><div class=\"wp-block-image icon-style is-style-default\">\n<figure class=\"aligncenter size-full is-resized has-custom-border\"><img loading=\"lazy\" decoding=\"async\" width=\"640\" height=\"640\" src=\"https:\/\/solaing.com\/wp-content\/uploads\/2026\/04\/ssl.gif\" alt=\"\" class=\"wp-image-1236\" style=\"border-radius:0px;width:96px\" title=\"\"\/><\/figure>\n<\/div>\n\n\n<h3 class=\"wp-block-heading has-text-align-center has-neve-text-color-color has-text-color\">Comunicaciones en la nube<\/h3>\n\n\n\n<p class=\"has-text-align-center\">Integraci\u00f3n de llamadas, videoconferencias y mensajer\u00eda en una plataforma accesible desde cualquier lugar.<\/p>\n<\/div>\n\n\n\n<div class=\"wp-block-column is-vertically-aligned-center is-layout-flow wp-block-column-is-layout-flow\" style=\"padding-right:var(--wp--preset--spacing--30);padding-left:var(--wp--preset--spacing--30);font-style:italic;font-weight:400\"><div class=\"wp-block-image icon-style is-style-default wp-duotone-unset-2\">\n<figure class=\"aligncenter size-full is-resized has-custom-border\"><img loading=\"lazy\" decoding=\"async\" width=\"640\" height=\"640\" src=\"https:\/\/solaing.com\/wp-content\/uploads\/2026\/04\/vocero.gif\" alt=\"\" class=\"wp-image-1237\" style=\"border-radius:0px;width:96px\" title=\"\"\/><\/figure>\n<\/div>\n\n\n<h3 class=\"wp-block-heading has-text-align-center has-neve-text-color-color has-text-color\">Comunicaciones Unificadas<\/h3>\n\n\n\n<p class=\"has-text-align-center\">Unificaci\u00f3n de voz, video y mensajer\u00eda para mejorar la colaboraci\u00f3n y productividad del equipo.<\/p>\n<\/div>\n\n\n\n<div class=\"wp-block-column is-vertically-aligned-center is-layout-flow wp-block-column-is-layout-flow\" style=\"padding-right:var(--wp--preset--spacing--30);padding-left:var(--wp--preset--spacing--30);font-style:italic;font-weight:400\"><div class=\"wp-block-image icon-style is-style-default wp-duotone-unset-3\">\n<figure class=\"aligncenter size-full is-resized has-custom-border\"><img loading=\"lazy\" decoding=\"async\" width=\"640\" height=\"640\" src=\"https:\/\/solaing.com\/wp-content\/uploads\/2026\/04\/soporte-las-24-horas.gif\" alt=\"\" class=\"wp-image-1238\" style=\"border-radius:0px;width:96px\" title=\"\"\/><\/figure>\n<\/div>\n\n\n<h3 class=\"wp-block-heading has-text-align-center has-neve-text-color-color has-text-color\">Contact Center<\/h3>\n\n\n\n<p class=\"has-text-align-center\">Plataformas de atenci\u00f3n al cliente multicanal que optimizan la gesti\u00f3n de llamadas, chats y correos.<\/p>\n<\/div>\n<\/div>\n\n\n\n<div class=\"wp-block-cover alignfull\" style=\"padding-top:var(--wp--preset--spacing--80);padding-bottom:var(--wp--preset--spacing--80);min-height:600px;aspect-ratio:unset;\"><span aria-hidden=\"true\" class=\"wp-block-cover__background has-nv-light-bg-background-color has-background-dim-100 has-background-dim\"><\/span><div class=\"wp-block-cover__inner-container is-layout-flow wp-block-cover-is-layout-flow\">\n<div class=\"wp-block-group\"><div class=\"wp-block-group__inner-container is-layout-flow wp-block-group-is-layout-flow\">\n<div class=\"wp-block-columns is-layout-flex wp-container-core-columns-is-layout-9d6595d7 wp-block-columns-is-layout-flex\">\n<div class=\"wp-block-column is-layout-flow wp-block-column-is-layout-flow\" style=\"flex-basis:20%\">\n<div class=\"wp-block-group is-vertical is-content-justification-center is-layout-flex wp-container-core-group-is-layout-4b2eccd6 wp-block-group-is-layout-flex\"><\/div>\n<\/div>\n\n\n\n<div class=\"wp-block-column is-layout-flow wp-block-column-is-layout-flow\" style=\"flex-basis:60%\">\n<div class=\"wp-block-group is-vertical is-content-justification-center is-layout-flex wp-container-core-group-is-layout-4b2eccd6 wp-block-group-is-layout-flex\">\n<h2 class=\"wp-block-heading has-text-align-center has-neve-text-color-color has-text-color has-link-color wp-elements-6a20eb83b4e85974d60e2144717dcf24\">The team behind our success<\/h2>\n\n\n\n<p class=\"has-text-align-center has-neve-text-color-color has-text-color has-link-color wp-elements-ff269d99fadbbc44443885588afac457\">Meet the passionate professionals who bring expertise, creativity, and innovation to every project. Our team is dedicated to helping you achieve your goals with tailored strategies and exceptional execution.<\/p>\n\n\n\n<div style=\"height:0px\" aria-hidden=\"true\" class=\"wp-block-spacer wp-container-content-f9bd05ee\"><\/div>\n<\/div>\n<\/div>\n\n\n\n<div class=\"wp-block-column is-layout-flow wp-block-column-is-layout-flow\" style=\"flex-basis:20%\">\n<div class=\"wp-block-group is-vertical is-content-justification-center is-layout-flex wp-container-core-group-is-layout-4b2eccd6 wp-block-group-is-layout-flex\"><\/div>\n<\/div>\n<\/div>\n\n\n\n<div class=\"wp-block-columns has-nv-text-dark-bg-color has-neve-link-color-background-color has-text-color has-background has-link-color wp-elements-551bac35517ffba9d4da8870316ce399 is-layout-flex wp-container-core-columns-is-layout-54bf4747 wp-block-columns-is-layout-flex\" style=\"border-radius:24px;padding-top:var(--wp--preset--spacing--70);padding-right:var(--wp--preset--spacing--70);padding-bottom:var(--wp--preset--spacing--70);padding-left:var(--wp--preset--spacing--70)\">\n<div class=\"wp-block-column is-layout-flow wp-block-column-is-layout-flow\" style=\"flex-basis:100%\">\n<h2 class=\"wp-block-heading has-nv-text-dark-bg-color has-text-color has-link-color has-huge-font-size wp-elements-624153f9aba58e5b82239775930d88e3\">Join our team!<\/h2>\n\n\n\n<div class=\"wp-block-buttons is-layout-flex wp-block-buttons-is-layout-flex\">\n<div class=\"wp-block-button is-style-primary\"><a class=\"wp-block-button__link wp-element-button\" style=\"border-width:2px\">Contact us<\/a><\/div>\n<\/div>\n<\/div>\n\n\n\n<div class=\"wp-block-column is-layout-flow wp-block-column-is-layout-flow\" style=\"flex-basis:100%\">\n<p class=\"has-nv-text-dark-bg-color has-text-color has-link-color has-medium-font-size wp-elements-6c9f67711c0ecd9f04d86ffd42d4fd8e\">Feeling inspired? Be part of a team that values innovation, collaboration, and growth. Together, we create impactful strategies that make a difference.<\/p>\n<\/div>\n<\/div>\n<\/div><\/div>\n<\/div><\/div>\n","protected":false},"excerpt":{"rendered":"<p>Telefon\u00eda Empresarial Soluciones de llamadas internas y externas con alta calidad, gesti\u00f3n centralizada y f\u00e1cil administraci\u00f3n. Comunicaciones en la nube Integraci\u00f3n de llamadas, videoconferencias y mensajer\u00eda en una plataforma accesible desde cualquier lugar. Comunicaciones Unificadas Unificaci\u00f3n de voz, video y mensajer\u00eda para mejorar la colaboraci\u00f3n y productividad del equipo. Contact Center Plataformas de atenci\u00f3n al&hellip;&nbsp;<a href=\"https:\/\/solaing.com\/mantenimiento\/bcd31-about-us\/\" rel=\"bookmark\"><span class=\"screen-reader-text\">AVAYA<\/span><\/a><\/p>\n","protected":false},"author":3,"featured_media":0,"parent":0,"menu_order":0,"comment_status":"closed","ping_status":"closed","template":"","meta":{"neve_meta_sidebar":"default","neve_meta_container":"default","neve_meta_enable_content_width":"on","neve_meta_content_width":100,"neve_meta_title_alignment":"","neve_meta_author_avatar":"","neve_post_elements_order":"","neve_meta_disable_header":"","neve_meta_disable_footer":"","neve_meta_disable_title":"on","_themeisle_gutenberg_block_has_review":false,"_joinchat":[],"footnotes":""},"class_list":["post-61","page","type-page","status-publish","hentry"],"_links":{"self":[{"href":"https:\/\/solaing.com\/mantenimiento\/wp-json\/wp\/v2\/pages\/61","targetHints":{"allow":["GET"]}}],"collection":[{"href":"https:\/\/solaing.com\/mantenimiento\/wp-json\/wp\/v2\/pages"}],"about":[{"href":"https:\/\/solaing.com\/mantenimiento\/wp-json\/wp\/v2\/types\/page"}],"author":[{"embeddable":true,"href":"https:\/\/solaing.com\/mantenimiento\/wp-json\/wp\/v2\/users\/3"}],"replies":[{"embeddable":true,"href":"https:\/\/solaing.com\/mantenimiento\/wp-json\/wp\/v2\/comments?post=61"}],"version-history":[{"count":12,"href":"https:\/\/solaing.com\/mantenimiento\/wp-json\/wp\/v2\/pages\/61\/revisions"}],"predecessor-version":[{"id":1239,"href":"https:\/\/solaing.com\/mantenimiento\/wp-json\/wp\/v2\/pages\/61\/revisions\/1239"}],"wp:attachment":[{"href":"https:\/\/solaing.com\/mantenimiento\/wp-json\/wp\/v2\/media?parent=61"}],"curies":[{"name":"wp","href":"https:\/\/api.w.org\/{rel}","templated":true}]}}